 is the greatest common factor of 544064256 and 6912?
6912
What is the greatest common divisor of 953874 and 2934?
18
What is the greatest common divisor of 70 and 401739926?
14
Calculate the highest common factor of 17442117 and 168.
21
What is the highest common divisor of 480 and 14430480?
240
Calculate the highest common divisor of 380589 and 33440.
209
What is the greatest common divisor of 1727738624 and 23424?
7808
What is the highest common divisor of 5713208 and 8?
8
Calculate the highest common divisor of 22569676 and 272.
68
Calculate the greatest common divisor of 9240303 and 417.
417
What is the greatest common factor of 39930 and 1647030?
330
Calculate the greatest common factor of 16225 and 2299525.
1475
What is the highest common factor of 24 and 8566?
2
What is the greatest common factor of 1406 and 374255?
37
What is the greatest common factor of 36413 and 32201?
13
What is the greatest common divisor of 60106 and 17384561?
733
Calculate the highest common divisor of 25303355 and 4305.
1435
What is the highest common factor of 27200 and 39919400?
3400
What is the highest common divisor of 6081723 and 486?
81
Calculate the greatest common factor of 1534784 and 88.
8
What is the highest common divisor of 764585 and 435?
145
What is the highest common divisor of 5022384 and 1368?
456
What is the greatest common factor of 9698 and 673894?
26
Calculate the greatest common factor of 3672 and 25469208.
216
What is the greatest common factor of 2155095 and 5395?
415
Calculate the greatest common divisor of 136623088 and 24.
8
Calculate the greatest common factor of 157405 and 7085.
5
Calculate the greatest common divisor of 395552 and 26300.
1052
What is the greatest common factor of 6231145 and 199838?
613
Calculate the highest common factor of 36003 and 31640091.
3273
Calculate the highest common divisor of 34220769 and 198.
33
Calculate the highest common divisor of 13508 and 2900788.
44
What is the highest common divisor of 24441894 and 162?
18
What is the highest common divisor of 264 and 2250512?
88
Calculate the highest common divisor of 21765 and 14835.
15
Calculate the greatest common divisor of 552 and 4500042.
138
Calculate the highest common divisor of 123351291 and 3.
3
Calculate the greatest common factor of 58 and 227311077.
29
What is the greatest common divisor of 11304 and 46761822?
2826
Calculate the greatest common divisor of 119689415 and 3830.
1915
What is the highest common divisor of 68609088 and 12?
12
Calculate the greatest common factor of 39017268 and 1404.
108
What is the greatest common factor of 95016 and 305139?
111
Calculate the highest common divisor of 45100 and 52.
4
What is the highest common divisor of 111034 and 803?
11
Calculate the highest common factor of 897993512 and 526.
526
Calculate the highest common factor of 3342504 and 371712.
2904
Calculate the highest common factor of 8 and 758692.
4
What is the highest common divisor of 78 and 4797726?
6
Calculate the greatest common factor of 28236 and 27186924.
2172
What is the highest common divisor of 43984428 and 6748?
964
Calculate the greatest common divisor of 245664 and 3594.
6
Calculate the greatest common divisor of 12166641 and 396.
9
Calculate the greatest common factor of 5293944 and 153.
9
What is the greatest common factor of 90917169 and 21?
21
Calculate the greatest common divisor of 94162 and 2872470.
1058
What is the greatest common divisor of 292110 and 26643?
321
What is the highest common factor of 1636 and 4123129?
409
What is the highest common divisor of 21830 and 34965?
185
Calculate the highest common factor of 54199818 and 152.
38
What is the highest common factor of 1802 and 1423999866?
1802
Calculate the highest common factor of 29 and 3761956096.
29
What is the highest common factor of 24600 and 373305?
615
What is the greatest common divisor of 553222 and 612617?
1697
What is the highest common divisor of 9149660 and 520?
260
What is the greatest common divisor of 53532064 and 17164?
2452
What is the greatest common divisor of 141510 and 11392?
178
Calculate the highest common factor of 22186131 and 31581.
957
Calculate the highest common divisor of 702 and 134498.
26
What is the greatest common factor of 80646589 and 7928?
991
What is the highest common factor of 22523 and 67123?
223
What is the greatest common factor of 848 and 10328896?
16
Calculate the highest common divisor of 992 and 105260128.
992
Calculate the greatest common divisor of 5360 and 2990971120.
5360
What is the highest common factor of 39137 and 66269?
7
What is the greatest common factor of 695634902 and 2566?
2566
Calculate the highest common factor of 696114 and 72738.
162
What is the greatest common factor of 19000202 and 234?
26
Calculate the highest common divisor of 9504 and 194155104.
1056
Calculate the highest common divisor of 145867 and 3019626.
199
Calculate the highest common divisor of 2 and 542343166.
2
Calculate the greatest common divisor of 596750 and 294525.
1925
Calculate the highest common divisor of 3736 and 89676.
4
Calculate the highest common factor of 29601720 and 156.
12
What is the greatest common factor of 15813 and 16928695?
1757
Calculate the highest common divisor of 81 and 1817073.
81
What is the highest common divisor of 52257184 and 121856?
3808
What is the highest common factor of 858 and 9406878?
78
Calculate the greatest common divisor of 1152134 and 32075.
1283
Calculate the highest common factor of 141031 and 121.
11
What is the greatest common factor of 223482576 and 12?
12
Calculate the highest common factor of 144 and 87657786.
18
What is the greatest common divisor of 936955 and 33371?
2567
Calculate the highest common factor of 151 and 7242262.
151
Calculate the highest common factor of 4140791 and 1349.
71
Calculate the greatest common factor of 2724 and 50849589.
681
What is the highest common divisor of 1445160 and 36?
12
What is the greatest common divisor of 49469 and 619031?
1337
What is the greatest common divisor of 10143 and 82322037?
1449
Calculate the greatest common divisor of 54 and 11019699.
27
Calculate the greatest common divisor of 1071192 and 1608.
24
Calculate the greatest common divisor of 262 and 330387371.
131
What is the greatest common factor of 168 and 211456?
56
What is the highest common factor of 9017 and 11893423?
9017
What is the highest common factor of 419828 and 3022844?
412
What is the highest common divisor of 5795 and 39590281?
1159
Calculate the greatest common divisor of 2959 and 76859756.
269
What is the greatest common factor of 17 and 424029589?
17
Calculate the highest common divisor of 8355828 and 30264.
156
What is the greatest common divisor of 409321 and 979?
11
What is the highest common divisor of 128 and 8495504?
16
Calculate the highest common divisor of 532392 and 18.
6
Calculate the greatest common factor of 41192970 and 474.
474
What is the greatest common factor of 167390 and 1406?
38
What is the greatest common divisor of 159552391 and 7204?
1801
Calculate the greatest common divisor of 28950 and 42844842.
1158
Calculate the highest common factor of 112 and 47980877.
7
Calculate the greatest common factor of 69685803 and 792.
99
Calculate the highest common factor of 3 and 123787.
1
What is the highest common divisor of 121 and 52106835?
121
What is the highest common divisor of 2719679 and 2147?
19
What is the highest common factor of 425 and 6150275?
25
Calculate the highest common divisor of 1395588 and 271776.
228
What is the greatest common factor of 127890 and 20775600?
2610
Calculate the highest common divisor of 123616592 and 2728.
2728
What is the greatest common divisor of 85 and 64480915?
85
Calculate the greatest common factor of 3727743 and 332367.
969
What is the highest common factor of 285 and 468330?
15
What is the highest common divisor of 113519617 and 47?
47
What is the greatest common factor of 7153895 and 105?
35
Calculate the greatest common divisor of 1114040 and 28440.
40
Calculate the greatest common divisor of 664300 and 1700.
100
What is the highest common factor of 310 and 200080?
10
Calculate the greatest common divisor of 12500 and 1721875.
3125
Calculate the greatest common factor of 18458509 and 142.
71
What 